igit of g(6)?
1
Let w = -23 + 41. Let i = 32 - w. What is the tens digit of i?
1
What is the hundreds digit of (-1312)/(-10) - 3/15?
1
Suppose -14 = -2*c + 4*c. Let x = c - -12. Suppose -2*g - 12 = -x*g. What is the units digit of g?
4
Suppose 5*g + 14 = -b, b - 5*g + 6 = -3*b. Suppose 0 = -w + 4 + 8. Let d = b + w. What is the units digit of d?
8
Suppose -r + 2*g = g - 2, -3*g = -4*r + 11. Suppose -r - 1 = -3*x. What is the tens digit of x - 1 - 42/(-3)?
1
Let t = 7 - 4. Suppose -x + t*l + 14 = 0, -4*x + 0*l = -4*l - 64. What is the units digit of x?
7
Let d(t) = t**2 + 2*t - 8. Let n be d(-8). Suppose 2*i = -4*x + 34, 4*x + n - 11 = 5*i. What is the units digit of i?
9
Let g be (1 - 4)*(-5)/3. Suppose 49 = g*x - 11. What is the units digit of x?
2
Let o(y) = 14*y**3 + y**2 + 4*y - 5. What is the units digit of o(2)?
9
Let a(h) = -h**3 - 6*h**2 - 2*h - 8. Let f be a(-6). Let u = f - -2. What is the units digit of (-218)/(-14) - u/(-14)?
6
Suppose -s = 2*s - 108. Let r = s - 0. What is the units digit of r?
6
Let g = 114 - 73. What is the units digit of g?
1
Let k(l) = 5*l - 3. Let m be k(3). Suppose 4*a = -y - 8 + 59, 0 = 2*a - 4*y - m. What is the units digit of a?
2
Suppose 5*t - 15 = -5*g, 5*g = -3*t + t + 3. Let l = 12 + t. What is the units digit of l?
6
Let g = 37 - 16. What is the units digit of g?
1
Let o = 172 + 21. Let k = o + -99. Suppose 4*f = -5*h + k, -47 - 59 = -5*h - f. What is the tens digit of h?
2
Suppose -7*k + 1212 = -k. What is the units digit of k?
2
Let g(f) = -f**3 - f**2 - 2*f - 1. What is the units digit of g(-1)?
1
What is the units digit of (14/(-4))/((-5)/1200*4)?
0
What is the units digit of ((-3)/((-12)/22))/(1/48)?
4
Let p = -12 - -11. What is the tens digit of (p - 0) + 1*34?
3
Let f = 36 + -7. What is the units digit of f?
9
Let w = 6 - 3. What is the units digit of w?
3
Suppose 35 = 2*y - 5*p, 4*p - 66 + 16 = -y. What is the tens digit of y?
3
Let d = 7 - -11. Suppose 3*m + d = -3. Let b = m - -17. What is the tens digit of b?
1
Let k = -92 - -186. What is the units digit of k?
4
Suppose -3*k - 26 = 1. What is the units digit of k/(-2)*(-16)/(-6)?
2
Let j be -28*(1 + 14/(-8)). Suppose -5*f + 70 = 5*w, f + 4*w - j = -1. What is the tens digit of f?
1
Suppose -p - 5 = -4. What is the units digit of p*(-2 - 5) + 0?
7
Suppose -3*z - 3 + 9 = 0. Suppose 25 = -4*c + 5, l = z*c + 90. Suppose 0 = -5*r + r + l. What is the tens digit of r?
2
Suppose 0*a = a. What is the tens digit of (6 - 3) + a - -7?
1
Let f be (-15 - -9)/(2/(-1)). What is the units digit of 10 - (2 + 3/f)?
7
Let h be -21 - (-4)/(0 + -2). What is the units digit of (h + 1)/((-2)/2)?
2
Let h(j) = -j**3 + 8. Let f = 3 - 3. Suppose l - 2*l = f. What is the units digit of h(l)?
8
Let a(s) = s**2 + 2*s - 3. Let k be (-2)/(-10) + (-42)/10. What is the units digit of a(k)?
5
Let v be 4/2 + -2 - -3. Suppose -3*d = -2*q - 7, 0*d + 5 = d + 2*q. Suppose v*j + 0 = d. What is the units digit of j?
1
Let h(b) = 2*b**3 - 5*b**2 + 2*b + 1. What is the tens digit of h(4)?
5
Suppose -5*q = 4*g - 14, -4*q - 5*g + 9 = -4*g. Suppose -5*t - i = -4*i - 38, -38 = -3*t - q*i. What is the tens digit of t?
1
Let c = 259 - 15. What is the units digit of c?
4
What is the units digit of (-1850)/(-10) - (-5 + 0)?
0
Let n(m) = 2*m - 1. Let q be n(3). Suppose 5*d = -3*c + 3 + 33, 0 = -4*d - q*c + 34. What is the units digit of d?
6
Let p(g) = 4*g - 7. Let c be p(3). Suppose -x + 2 = -2*a - 11, 0 = c*a. What is the tens digit of x?
1
Let w = -164 - -287. What is the tens digit of w?
2
What is the tens digit of (1566/4 - 0) + (-10)/20?
9
Let m = -2 + 8. What is the units digit of (m/(-18))/(2/(-48))?
8
Let c(k) = k**2 - 2*k + 1. Suppose 8 = -j - 0*j. Let p be 3*(j/6)/(-1). What is the units digit of c(p)?
9
Suppose 0 = 11*k - 403 - 389. What is the units digit of k?
2
Suppose 0 = 2*t - 6*t. What is the units digit of 15 + t*2/6?
5
Let w(c) = -c. Let f be w(-4). Suppose -2*r - 2 + 1 = s, f*r - 5*s = 5. Suppose -2*g + 7*g - 25 = r. What is the units digit of g?
5
Suppose -2*j - 58 = -2*a, 2*a - a = 2*j + 30. Let f = a - 20. What is the units digit of f?
8
Suppose p = -p - 3*s - 116, -4*p = 5*s + 234. What is the tens digit of 2/(-10) + p/(-5)?
1
What is the tens digit of ((-106)/5)/(22/(-55))?
5
Let w(q) = 3*q - 3. Let f be w(4). Let a be 16/6*f/2. Suppose -3*p + 30 + a = 0. What is the units digit of p?
4
Suppose 0*j = -3*j + 93. What is the units digit of j?
1
Let q = 34 - -45. Suppose 5*h + u - 5*u - 83 = 0, 0 = -5*h + 2*u + q. What is the units digit of h?
5
Let i be (3/6)/((-1)/(-16)). Let u(w) = -w**3 - 6 - w - 4*w + i*w**2 - 4*w**3 + 4*w**3. What is the units digit of u(7)?
8
Let t = -1 - -5. Suppose -t*r - q = -r - 71, -r + 2 = -4*q. Suppose -18 = -4*w + r. What is the tens digit of w?
1
Let z(y) = 4*y**3 + 3*y**2 - y + 1. Let m be z(2). Suppose 23 = 3*n - m. What is the units digit of n?
2
Suppose 3*l - 7*l = 0. Suppose n + 12 = 5*n, 5*m + 4*n - 17 = l. What is the units digit of m?
1
Let r = 73 + 68. What is the tens digit of r?
4
Suppose -3*z + 6*z = -6. Let h be 1 + 1 - 2/z. Suppose -15 = -h*j - 3*s, 4*j + 4*s - s - 20 = 0. What is the units digit of j?
5
Suppose 2*q = -0*q. Suppose 4 = p - q*p. What is the units digit of p?
4
Let p(j) = 3*j**2 + 7*j - 13. What is the units digit of p(-7)?
5
What is the units digit of (-253)/(-4) - 6/(-8)?
4
Let l = 727 + -433. What is the hundreds digit of l?
2
Suppose 4 - 3 = r. What is the units digit of r?
1
Let x(a) = -2*a + 1. Suppose -3*s + 4*s + 5*m - 12 = 0, 0 = s - m. Let b be (-1)/s - 36/8. What is the units digit of x(b)?
1
Suppose 0 = -6*c + c + 195. What is the units digit of (-6)/c + (-1310)/(-65)?
0
Let q = -8 - -13. Let v(x) = -q*x - 6 + 0 + 6. What is the tens digit of v(-2)?
1
Let o = 1 - -3. Suppose -o*q + 4 = -3*q. Suppose -5*z - 22 = -4*c, 3*c + 48 = 8*c + q*z. What is the units digit of c?
8
Let a(j) = -j**3 + 10*j**2 + 7*j + 8. What is the units digit of a(9)?
2
Suppose 0 = 2*o, -2*r - o = -r - 3. Suppose -y + 0*y - 9 = -x, -r*y = 15. Suppose x*c = 2*q - 12, 3*q + c - 3*c = 10. What is the units digit of q?
2
Let g be (4/(-8))/(1/(-14)). Suppose -2*l - 200 = -g*l. What is the units digit of l?
0
Suppose 2*c = 7*c - 5, 3*c = 4*d - 81. What is the tens digit of d?
2
Suppose -5*i - 3*n + 35 - 11 = 0, 18 = i + 5*n. Let u be (-12)/(7/i - 2). Let y = -26 - u. What is the tens digit of y?
1
Suppose 3*c + 0*m = -3*m + 189, -2*c + 106 = -3*m. What is the tens digit of c?
5
Suppose 5*s = -f + 16 + 63, 0 = 2*s - 3*f - 18. What is the units digit of s?
5
Let t(b) = 4*b - 6. Let o = -2 + 7. What is the tens digit of t(o)?
1
Let q = 271 - 388. What is the units digit of (5/15)/((-3)/q)?
3
Suppose 3 = 5*z + 33. Let w(s) = -5*s + 8. What is the tens digit of w(z)?
3
Let n(p) = -p + 0 + 0. Suppose 0 = 4*x - 2*d + 6, 4*d = 3*x + 6 + 1. What is the units digit of n(x)?
1
Let u(a) = -9 + 3 + 6*a - 4*a. Suppose 0 = 3*r - 0*r - 18. What is the units digit of u(r)?
6
Let r(c) = -c**2 + 7*c + 11. Let j be r(8). Suppose j*k - 38 = 91. Suppose k = 5*x - 4*m, -x - x - 2*m = -10. What is the units digit of x?
7
Let f(j) = 2*j**2 + 11*j - 11. What is the units digit of f(-9)?
2
Suppose -5*t - 29 = -c, 3*t = -t - 4. Suppose 0 = -3*q - 0*q + c. Suppose -2 + q = 2*j. What is the units digit of j?
3
Let x = -18 - -21. Suppose -2*g - 5*c + 37 = 0, -2*c + 43 = 3*g + x*c. What is the units digit of g?
6
Suppose -3*a + 6*a = 0. Suppose -r - 4 = -2*r - j, 3*r + 12 = 5*j. Suppose 2*u + r - 11 = a. What is the units digit of u?
5
Let n(i) = i**3 + 2*i**2 - 10*i + 2. What is the units digit of n(4)?
8
What is the units digit of 600/9 + 1 - 1/(-3)?
8
Suppose 2*o = 18 - 0. Let n = o - -2. What is the tens digit of n?
1
Let y(h) = -5*h. Let o be y(-1). Suppose -o*b + 4 = g, 3 - 7 = -g - 2*b. Suppose g*q + q - 5 = 0. What is the units digit of q?
1
Let g be (-9)/12 - (-2)/(-8). Let v = 6 - g. What is the units digit of v?
7
Let i = -7 - -4. Suppose -3*q - 20 = -8. Let b = i - q. What is the units digit of b?
1
Let r = 5 + -1. Let s be (-1)/(-4) + 7/r. Suppose s - 1 = k. What is the units digit of k?
1
Suppose 3*z - 246 = 249. What is the hundreds digit of z?
1
Suppose -3*o + 6 = 2*o + 3*v, -4*o + v - 2 = 0. Suppose z - 4*z + 48 = o. What is the tens digit 